{"id":47,"date":"2023-01-27T20:23:41","date_gmt":"2023-01-27T19:23:41","guid":{"rendered":"https:\/\/denicmed.rs\/\/?page_id=47"},"modified":"2026-01-13T19:38:28","modified_gmt":"2026-01-13T18:38:28","slug":"kontakt-forma","status":"publish","type":"page","link":"https:\/\/denicmed.rs\/index.php\/kontakt-forma\/","title":{"rendered":"KONTAKT"},"content":{"rendered":"\t\t<div data-elementor-type=\"wp-page\" data-elementor-id=\"47\" class=\"elementor elementor-47\">\n\t\t\t\t\t\t<section class=\"elementor-section elementor-top-section elementor-element elementor-element-7ca01c0 elementor-section-boxed elementor-section-height-default elementor-section-height-default\" data-id=\"7ca01c0\" data-element_type=\"section\" data-e-type=\"section\">\n\t\t\t\t\t\t<div class=\"elementor-container elementor-column-gap-default\">\n\t\t\t\t\t<div class=\"elementor-column elementor-col-100 elementor-top-column elementor-element elementor-element-ceb3333\" data-id=\"ceb3333\" data-element_type=\"column\" data-e-type=\"column\">\n\t\t\t<div class=\"elementor-widget-wrap elementor-element-populated\">\n\t\t\t\t\t\t<div class=\"elementor-element elementor-element-8bfc0d3 elementor-widget elementor-widget-text-editor\" data-id=\"8bfc0d3\" data-element_type=\"widget\" data-e-type=\"widget\" data-widget_type=\"text-editor.default\">\n\t\t\t\t\t\t\t\t\t<p>Pi\u0161ite nam, bilo da su to predlozi \u0161ta bi ste voleli da vidite na na\u0161em sajtu vezano za p\u010delarstvo, ili naru\u010dujte med koji \u0107emo Vam dostaviti na ku\u0107nu adresu (u Ni\u0161u ili 20km dalje od Ni\u0161a). U ponudi imamo bagremov i livadski med koji je pakovan u staklenim teglama sa nalepnicom. Cena meda je 1.200,00 dinara po kilogramu. U poruci nam napi\u0161ite i Va\u0161 kontakt telefon ili mail.<\/p>\t\t\t\t\t\t\t\t<\/div>\n\t\t\t\t\t<\/div>\n\t\t<\/div>\n\t\t\t\t\t<\/div>\n\t\t<\/section>\n\t\t\t\t<section class=\"elementor-section elementor-top-section elementor-element elementor-element-2687430 elementor-section-height-min-height elementor-section-items-top elementor-section-content-middle elementor-section-boxed elementor-section-height-default\" data-id=\"2687430\" data-element_type=\"section\" data-e-type=\"section\">\n\t\t\t\t\t\t<div class=\"elementor-container elementor-column-gap-no\">\n\t\t\t\t\t<div class=\"elementor-column elementor-col-100 elementor-top-column elementor-element elementor-element-6cd0b2f\" data-id=\"6cd0b2f\" data-element_type=\"column\" data-e-type=\"column\">\n\t\t\t<div class=\"elementor-widget-wrap elementor-element-populated\">\n\t\t\t\t\t\t<div class=\"elementor-element elementor-element-e217c3e elementor-widget elementor-widget-text-editor\" data-id=\"e217c3e\" data-element_type=\"widget\" data-e-type=\"widget\" data-widget_type=\"text-editor.default\">\n\t\t\t\t\t\t\t\t\t<div class=\"wpforms-container wpforms-container-full\" id=\"wpforms-275\"><form id=\"wpforms-form-275\" class=\"wpforms-validate wpforms-form wpforms-ajax-form\" data-formid=\"275\" method=\"post\" enctype=\"multipart\/form-data\" action=\"\/index.php\/wp-json\/wp\/v2\/pages\/47\" data-token=\"9f6be92dda23fa74a978efa74a22e4be\" data-token-time=\"1776767018\"><noscript class=\"wpforms-error-noscript\">Please enable JavaScript in your browser to complete this form.<\/noscript><div class=\"wpforms-field-container\"><div id=\"wpforms-275-field_0-container\" class=\"wpforms-field wpforms-field-name\" data-field-id=\"0\"><label class=\"wpforms-field-label\" for=\"wpforms-275-field_0\">Ime <span class=\"wpforms-required-label\">*<\/span><\/label><input type=\"text\" id=\"wpforms-275-field_0\" class=\"wpforms-field-medium wpforms-field-required\" name=\"wpforms[fields][0]\" required><\/div><div id=\"wpforms-275-field_2-container\" class=\"wpforms-field wpforms-field-textarea\" data-field-id=\"2\"><label class=\"wpforms-field-label\" for=\"wpforms-275-field_2\">Poruka <span class=\"wpforms-required-label\">*<\/span><\/label><textarea id=\"wpforms-275-field_2\" class=\"wpforms-field-medium wpforms-field-required\" name=\"wpforms[fields][2]\" required><\/textarea><\/div><\/div><!-- .wpforms-field-container --><div class=\"wpforms-submit-container\" ><input type=\"hidden\" name=\"wpforms[id]\" value=\"275\"><input type=\"hidden\" name=\"page_title\" value=\"\"><input type=\"hidden\" name=\"page_url\" value=\"https:\/\/denicmed.rs\/index.php\/wp-json\/wp\/v2\/pages\/47\"><input type=\"hidden\" name=\"url_referer\" value=\"\"><button type=\"submit\" name=\"wpforms[submit]\" id=\"wpforms-submit-275\" class=\"wpforms-submit\" data-alt-text=\"Sending...\" data-submit-text=\"Po\u0161alji\" aria-live=\"assertive\" value=\"wpforms-submit\">Po\u0161alji<\/button><img decoding=\"async\" src=\"https:\/\/denicmed.rs\/wp-content\/plugins\/wpforms-lite\/assets\/images\/submit-spin.svg\" class=\"wpforms-submit-spinner\" style=\"display: none;\" width=\"26\" height=\"26\" alt=\"Loading\"><\/div><\/form><\/div>  <!-- .wpforms-container -->\t\t\t\t\t\t\t\t<\/div>\n\t\t\t\t\t<\/div>\n\t\t<\/div>\n\t\t\t\t\t<\/div>\n\t\t<\/section>\n\t\t\t\t<section class=\"elementor-section elementor-top-section elementor-element elementor-element-26f6274 elementor-section-boxed elementor-section-height-default elementor-section-height-default\" data-id=\"26f6274\" data-element_type=\"section\" data-e-type=\"section\">\n\t\t\t\t\t\t<div class=\"elementor-container elementor-column-gap-default\">\n\t\t\t\t\t<div class=\"elementor-column elementor-col-100 elementor-top-column elementor-element elementor-element-393face\" data-id=\"393face\" data-element_type=\"column\" data-e-type=\"column\">\n\t\t\t<div class=\"elementor-widget-wrap elementor-element-populated\">\n\t\t\t\t\t\t<div class=\"elementor-element elementor-element-0f18f62 elementor-widget elementor-widget-google_maps\" data-id=\"0f18f62\" data-element_type=\"widget\" data-e-type=\"widget\" data-widget_type=\"google_maps.default\">\n\t\t\t\t\t\t\t<div class=\"elementor-custom-embed\">\n\t\t\t<iframe loading=\"lazy\"\n\t\t\t\t\tsrc=\"https:\/\/maps.google.com\/maps?q=serbia%2C%20gornji%20barbe%C5%A1&#038;t=m&#038;z=11&#038;output=embed&#038;iwloc=near\"\n\t\t\t\t\ttitle=\"serbia, gornji barbe\u0161\"\n\t\t\t\t\taria-label=\"serbia, gornji barbe\u0161\"\n\t\t\t><\/iframe>\n\t\t<\/div>\n\t\t\t\t\t\t<\/div>\n\t\t\t\t\t<\/div>\n\t\t<\/div>\n\t\t\t\t\t<\/div>\n\t\t<\/section>\n\t\t\t\t<\/div>\n\t\t","protected":false},"excerpt":{"rendered":"<p>Pi\u0161ite nam, bilo da su to predlozi \u0161ta bi ste voleli da vidite na na\u0161em sajtu vezano za p\u010delarstvo, ili naru\u010dujte med koji \u0107emo Vam dostaviti na ku\u0107nu adresu (u Ni\u0161u ili 20km dalje od Ni\u0161a). U ponudi imamo bagremov i livadski med koji je pakovan u staklenim teglama sa nalepnicom. Cena meda je 1.200,00 &hellip; <\/p>\n<p class=\"link-more\"><a href=\"https:\/\/denicmed.rs\/index.php\/kontakt-forma\/\" class=\"more-link\">Continue reading<span class=\"screen-reader-text\"> &#8220;KONTAKT&#8221;<\/span><\/a><\/p>\n","protected":false},"author":1,"featured_media":0,"parent":0,"menu_order":0,"comment_status":"closed","ping_status":"closed","template":"elementor_header_footer","meta":{"footnotes":""},"class_list":["post-47","page","type-page","status-publish","hentry"],"yoast_head":"<!-- This site is optimized with the Yoast SEO plugin v26.9 - https:\/\/yoast.com\/product\/yoast-seo-wordpress\/ -->\n<title>KONTAKT | deni\u0107 med<\/title>\n<meta name=\"description\" content=\"Slobodno nam pi\u0161ite \u0161taVam je najinteresantnije na sajtu i \u0161ta bi ste voleli da vidite, a takodje mo\u017eete i naru\u010divati med.\" \/>\n<meta name=\"robots\" content=\"index, follow, max-snippet:-1, max-image-preview:large, max-video-preview:-1\" \/>\n<link rel=\"canonical\" href=\"https:\/\/denicmed.rs\/index.php\/kontakt-forma\/\" \/>\n<meta property=\"og:locale\" content=\"en_US\" \/>\n<meta property=\"og:type\" content=\"article\" \/>\n<meta property=\"og:title\" content=\"KONTAKT | deni\u0107 med\" \/>\n<meta property=\"og:description\" content=\"Slobodno nam pi\u0161ite \u0161taVam je najinteresantnije na sajtu i \u0161ta bi ste voleli da vidite, a takodje mo\u017eete i naru\u010divati med.\" \/>\n<meta property=\"og:url\" content=\"https:\/\/denicmed.rs\/index.php\/kontakt-forma\/\" \/>\n<meta property=\"og:site_name\" content=\"deni\u0107 med\" \/>\n<meta property=\"article:modified_time\" content=\"2026-01-13T18:38:28+00:00\" \/>\n<meta property=\"og:image\" content=\"https:\/\/denicmed.rs\/wp-content\/uploads\/2023\/01\/cropped-img_20220206_111641-scaled-1.jpg\" \/>\n\t<meta property=\"og:image:width\" content=\"512\" \/>\n\t<meta property=\"og:image:height\" content=\"512\" \/>\n\t<meta property=\"og:image:type\" content=\"image\/jpeg\" \/>\n<meta name=\"twitter:card\" content=\"summary_large_image\" \/>\n<meta name=\"twitter:label1\" content=\"Est. reading time\" \/>\n\t<meta name=\"twitter:data1\" content=\"1 minute\" \/>\n<script type=\"application\/ld+json\" class=\"yoast-schema-graph\">{\"@context\":\"https:\/\/schema.org\",\"@graph\":[{\"@type\":\"WebPage\",\"@id\":\"https:\/\/denicmed.rs\/index.php\/kontakt-forma\/\",\"url\":\"https:\/\/denicmed.rs\/index.php\/kontakt-forma\/\",\"name\":\"KONTAKT | deni\u0107 med\",\"isPartOf\":{\"@id\":\"https:\/\/denicmed.rs\/#website\"},\"datePublished\":\"2023-01-27T19:23:41+00:00\",\"dateModified\":\"2026-01-13T18:38:28+00:00\",\"description\":\"Slobodno nam pi\u0161ite \u0161taVam je najinteresantnije na sajtu i \u0161ta bi ste voleli da vidite, a takodje mo\u017eete i naru\u010divati med.\",\"breadcrumb\":{\"@id\":\"https:\/\/denicmed.rs\/index.php\/kontakt-forma\/#breadcrumb\"},\"inLanguage\":\"en-US\",\"potentialAction\":[{\"@type\":\"ReadAction\",\"target\":[\"https:\/\/denicmed.rs\/index.php\/kontakt-forma\/\"]}]},{\"@type\":\"BreadcrumbList\",\"@id\":\"https:\/\/denicmed.rs\/index.php\/kontakt-forma\/#breadcrumb\",\"itemListElement\":[{\"@type\":\"ListItem\",\"position\":1,\"name\":\"Home\",\"item\":\"https:\/\/denicmed.rs\/\"},{\"@type\":\"ListItem\",\"position\":2,\"name\":\"KONTAKT\"}]},{\"@type\":\"WebSite\",\"@id\":\"https:\/\/denicmed.rs\/#website\",\"url\":\"https:\/\/denicmed.rs\/\",\"name\":\"deni\u0107 med\",\"description\":\"Proizvodnja prirodnog meda\",\"publisher\":{\"@id\":\"https:\/\/denicmed.rs\/#\/schema\/person\/7551fede5252cece93b8521ebef9a414\"},\"alternateName\":\"Gornji Barbe\u0161\",\"potentialAction\":[{\"@type\":\"SearchAction\",\"target\":{\"@type\":\"EntryPoint\",\"urlTemplate\":\"https:\/\/denicmed.rs\/?s={search_term_string}\"},\"query-input\":{\"@type\":\"PropertyValueSpecification\",\"valueRequired\":true,\"valueName\":\"search_term_string\"}}],\"inLanguage\":\"en-US\"},{\"@type\":[\"Person\",\"Organization\"],\"@id\":\"https:\/\/denicmed.rs\/#\/schema\/person\/7551fede5252cece93b8521ebef9a414\",\"name\":\"Dencha2\",\"image\":{\"@type\":\"ImageObject\",\"inLanguage\":\"en-US\",\"@id\":\"https:\/\/denicmed.rs\/#\/schema\/person\/image\/\",\"url\":\"https:\/\/denicmed.rs\/wp-content\/uploads\/2023\/01\/cropped-img_20220206_111641-scaled-1.jpg\",\"contentUrl\":\"https:\/\/denicmed.rs\/wp-content\/uploads\/2023\/01\/cropped-img_20220206_111641-scaled-1.jpg\",\"width\":512,\"height\":512,\"caption\":\"Dencha2\"},\"logo\":{\"@id\":\"https:\/\/denicmed.rs\/#\/schema\/person\/image\/\"},\"sameAs\":[\"https:\/\/denicmed.rs\/\",\"https:\/\/www.linkedin.com\/in\/milan-deni-080168109\",\"https:\/\/www.youtube.com\/channel\/UCSxHLW5oZBwcsoO8Kzjiojg\"]}]}<\/script>\n<!-- \/ Yoast SEO plugin. -->","yoast_head_json":{"title":"KONTAKT | deni\u0107 med","description":"Slobodno nam pi\u0161ite \u0161taVam je najinteresantnije na sajtu i \u0161ta bi ste voleli da vidite, a takodje mo\u017eete i naru\u010divati med.","robots":{"index":"index","follow":"follow","max-snippet":"max-snippet:-1","max-image-preview":"max-image-preview:large","max-video-preview":"max-video-preview:-1"},"canonical":"https:\/\/denicmed.rs\/index.php\/kontakt-forma\/","og_locale":"en_US","og_type":"article","og_title":"KONTAKT | deni\u0107 med","og_description":"Slobodno nam pi\u0161ite \u0161taVam je najinteresantnije na sajtu i \u0161ta bi ste voleli da vidite, a takodje mo\u017eete i naru\u010divati med.","og_url":"https:\/\/denicmed.rs\/index.php\/kontakt-forma\/","og_site_name":"deni\u0107 med","article_modified_time":"2026-01-13T18:38:28+00:00","og_image":[{"width":512,"height":512,"url":"https:\/\/denicmed.rs\/wp-content\/uploads\/2023\/01\/cropped-img_20220206_111641-scaled-1.jpg","type":"image\/jpeg"}],"twitter_card":"summary_large_image","twitter_misc":{"Est. reading time":"1 minute"},"schema":{"@context":"https:\/\/schema.org","@graph":[{"@type":"WebPage","@id":"https:\/\/denicmed.rs\/index.php\/kontakt-forma\/","url":"https:\/\/denicmed.rs\/index.php\/kontakt-forma\/","name":"KONTAKT | deni\u0107 med","isPartOf":{"@id":"https:\/\/denicmed.rs\/#website"},"datePublished":"2023-01-27T19:23:41+00:00","dateModified":"2026-01-13T18:38:28+00:00","description":"Slobodno nam pi\u0161ite \u0161taVam je najinteresantnije na sajtu i \u0161ta bi ste voleli da vidite, a takodje mo\u017eete i naru\u010divati med.","breadcrumb":{"@id":"https:\/\/denicmed.rs\/index.php\/kontakt-forma\/#breadcrumb"},"inLanguage":"en-US","potentialAction":[{"@type":"ReadAction","target":["https:\/\/denicmed.rs\/index.php\/kontakt-forma\/"]}]},{"@type":"BreadcrumbList","@id":"https:\/\/denicmed.rs\/index.php\/kontakt-forma\/#breadcrumb","itemListElement":[{"@type":"ListItem","position":1,"name":"Home","item":"https:\/\/denicmed.rs\/"},{"@type":"ListItem","position":2,"name":"KONTAKT"}]},{"@type":"WebSite","@id":"https:\/\/denicmed.rs\/#website","url":"https:\/\/denicmed.rs\/","name":"deni\u0107 med","description":"Proizvodnja prirodnog meda","publisher":{"@id":"https:\/\/denicmed.rs\/#\/schema\/person\/7551fede5252cece93b8521ebef9a414"},"alternateName":"Gornji Barbe\u0161","potentialAction":[{"@type":"SearchAction","target":{"@type":"EntryPoint","urlTemplate":"https:\/\/denicmed.rs\/?s={search_term_string}"},"query-input":{"@type":"PropertyValueSpecification","valueRequired":true,"valueName":"search_term_string"}}],"inLanguage":"en-US"},{"@type":["Person","Organization"],"@id":"https:\/\/denicmed.rs\/#\/schema\/person\/7551fede5252cece93b8521ebef9a414","name":"Dencha2","image":{"@type":"ImageObject","inLanguage":"en-US","@id":"https:\/\/denicmed.rs\/#\/schema\/person\/image\/","url":"https:\/\/denicmed.rs\/wp-content\/uploads\/2023\/01\/cropped-img_20220206_111641-scaled-1.jpg","contentUrl":"https:\/\/denicmed.rs\/wp-content\/uploads\/2023\/01\/cropped-img_20220206_111641-scaled-1.jpg","width":512,"height":512,"caption":"Dencha2"},"logo":{"@id":"https:\/\/denicmed.rs\/#\/schema\/person\/image\/"},"sameAs":["https:\/\/denicmed.rs\/","https:\/\/www.linkedin.com\/in\/milan-deni-080168109","https:\/\/www.youtube.com\/channel\/UCSxHLW5oZBwcsoO8Kzjiojg"]}]}},"_links":{"self":[{"href":"https:\/\/denicmed.rs\/index.php\/wp-json\/wp\/v2\/pages\/47","targetHints":{"allow":["GET"]}}],"collection":[{"href":"https:\/\/denicmed.rs\/index.php\/wp-json\/wp\/v2\/pages"}],"about":[{"href":"https:\/\/denicmed.rs\/index.php\/wp-json\/wp\/v2\/types\/page"}],"author":[{"embeddable":true,"href":"https:\/\/denicmed.rs\/index.php\/wp-json\/wp\/v2\/users\/1"}],"replies":[{"embeddable":true,"href":"https:\/\/denicmed.rs\/index.php\/wp-json\/wp\/v2\/comments?post=47"}],"version-history":[{"count":54,"href":"https:\/\/denicmed.rs\/index.php\/wp-json\/wp\/v2\/pages\/47\/revisions"}],"predecessor-version":[{"id":566,"href":"https:\/\/denicmed.rs\/index.php\/wp-json\/wp\/v2\/pages\/47\/revisions\/566"}],"wp:attachment":[{"href":"https:\/\/denicmed.rs\/index.php\/wp-json\/wp\/v2\/media?parent=47"}],"curies":[{"name":"wp","href":"https:\/\/api.w.org\/{rel}","templated":true}]}}